is -7 + -63a1?
-63a8
In base 8, what is -17437 + 501?
-16736
In base 4, what is -11 + -332012020?
-332012031
In base 14, what is -2082 - -1?
-2081
In base 14, what is -2089d + 5?
-20898
In base 9, what is -5 + -125463?
-125468
In base 8, what is -54 - 47114?
-47170
In base 16, what is f71 - 2b?
f46
In base 3, what is 1001000002 - 10?
1000222222
In base 12, what is -314 - 1119?
-1431
In base 8, what is 1 - -201171?
201172
In base 11, what is 22277 - 2?
22275
In base 3, what is -22 + -120201120020?
-120201120112
In base 9, what is -3 - -101647?
101644
In base 15, what is 13e + 3d?
17c
In base 10, what is 12812 - -5?
12817
In base 11, what is 2 + -106867?
-106865
In base 9, what is 14444 - -7?
14452
In base 9, what is 11678 + -148?
11530
In base 6, what is -4541 + 2330?
-2211
In base 9, what is -4605547 + 5?
-4605542
In base 16, what is d20 + -4d?
cd3
In base 9, what is -30602 - 14?
-30616
In base 9, what is -13863 + -33?
-14006
In base 2, what is 11 - -1010000111101001?
1010000111101100
In base 3, what is 101102 - -212020?
1020122
In base 5, what is -2441 + -43?
-3034
In base 13, what is -9b - 50?
-11b
In base 16, what is -1 + 2b803?
2b802
In base 6, what is -1521 - 120?
-2041
In base 13, what is -8c + -65?
-124
In base 10, what is 114 + 68?
182
In base 11, what is 148a1 - 1?
148a0
In base 5, what is 403 + 4140?
10043
In base 13, what is 0 + -656a?
-656a
In base 11, what is -14 + -1a13?
-1a27
In base 11, what is -7 - -21a014?
21a008
In base 9, what is 46 - 78126?
-78070
In base 2, what is 10001101001001 + 100001?
10001101101010
In base 11, what is 2 + 4933?
4935
In base 6, what is 122 - -11010?
11132
In base 12, what is 35 + 68a?
703
In base 7, what is -155443 - 4?
-155450
In base 4, what is 1311213 + -1123?
1310030
In base 7, what is -114236 - 23?
-114262
In base 3, what is -110021021220 - 20?
-110021022010
In base 5, what is -322422 + 103?
-322314
In base 10, what is 17 - -10918?
10935
In base 6, what is -13 - 244232?
-244245
In base 6, what is 122105 - -10?
122115
In base 16, what is -1 + -22a65?
-22a66
In base 13, what is -c + 589?
57a
In base 14, what is -1 - 31d55b?
-31d55c
In base 3, what is 212100 + -11122100?
-10210000
In base 5, what is -133140 + -2422?
-141112
In base 2, what is -11101001 + 111000000?
11010111
In base 10, what is 8 - 30004?
-29996
In base 4, what is -13331212003 - -3?
-13331212000
In base 5, what is -2413140 + -1?
-2413141
In base 10, what is 2483 - 5?
2478
In base 16, what is -18 + -6730?
-6748
In base 4, what is 132010233 - 3?
132010230
In base 13, what is -2c23 - -2?
-2c21
In base 16, what is -13 + -912b?
-913e
In base 5, what is 2 - 1423411?
-1423404
In base 11, what is -2 + 29548?
29546
In base 10, what is -14 - -63383?
63369
In base 13, what is 14 - 7027?
-7013
In base 6, what is -2301414 + -2?
-2301420
In base 16, what is -30d - -1a7?
-166
In base 9, what is -2 - -2552?
2550
In base 3, what is -10 + 211201021012?
211201021002
In base 16, what is -1067 - 151?
-11b8
In base 3, what is -22000 - -201012221?
200220221
In base 3, what is 1201112200 + -2101?
1201110022
In base 2, what is 10010010 - 1111011?
10111
In base 13, what is -5 - -102784?
10277c
In base 5, what is 0 - -44041?
44041
In base 4, what is -310331301 - 2?
-310331303
In base 11, what is -59a07 + -5?
-59a11
In base 10, what is -760 + 74?
-686
In base 6, what is -10030033 + -3?
-10030040
In base 13, what is 119b7c + -3?
119b79
In base 13, what is -1 - 70212?
-70213
In base 5, what is 2 + -32021314?
-32021312
In base 11, what is -352a5 - -12?
-35293
In base 6, what is -203 + -2524?
-3131
In base 12, what is -165 + -6a?
-213
In base 5, what is 101 - -1100112?
1100213
In base 16, what is -19bd + 3?
-19ba
In base 14, what is -5 - 3351?
-3356
In base 15, what is b - -7c7a?
7c86
In base 2, what is -1111100000011000110 - 101?
-1111100000011001011
In base 7, what is -2 - -32642?
32640
In base 6, what is -21 - 1323?
-1344
In base 15, what is 7c2 + 9?
7cb
In base 10, what is -5 + 54730?
54725
In base 14, what is 24b08 + 15?
24b1d
In base 3, what is -101100101020020 + 2?
-101100101020011
In base 12, what is -1284 + 4?
-1280
In base 16, what is 5 + 2fefd?
2ff02
In base 13, what is 1992c3 + 4?
1992c7
In base 2, what is -110110110 + 101111001011?
101000010101
In base 6, what is -3 + -514002?
-514005
In base 4, what is -22 + -10001332?
-10002020
In base 11, what is -4898 - -4?
-4894
In base 3, what is -10010011 + -200?
-10010211
In base 11, what is -15091 + -4?
-15095
In base 9, what is 13703 - -71?
13774
In base 6, what is 100203130 - 0?
100203130
In base 8, what is -310353 - 6?
-310361
In base 4, what is -1222020 - 312?
-1222332
In base 8, what is -3162 + -53?
-3235
In base 10, what is -12173 + 8?
-12165
In base 13, what is -1a + -21ac8?
-21b15
In base 13, what is 1669c + 44?
16713
In base 3, what is 10 + 12220210?
12220220
In base 16, what is 155 - 1cf?
-7a
In base 2, what is 101111 + 1011111111010010?
1100000000000001
In base 14, what is -867d - 1?
-8680
In base 16, what is e - 4a9?
-49b
In base 10, what is -81148 - 4?
-81152
In base 8, what is -65173 + 34?
-65137
In base 5, what is -10 - -1004410?
1004400
In base 11, what is 376 + 20?
396
In base 15, what is -2 - -15a7?
15a5
In base 11, what is -2a5402 - 8?
-2a540a
In base 9, what is 15831 + 5?
15836
In base 3, what is -110200102211 - 0?
-110200102211
In base 10, what is -17576 - -6?
-17570
In base 4, what is 31022 + 1030?
32112
In base 3, what is 2001002 - 101?
2000201
In base 8, what is 1137057 + 5?
1137064
In base 2, what is 0 - 101101001100100011110?
-101101001100100011110
In base 9, what is -8578 - -160?
-8418
In base 14, what is 7c6c6 + -3?
7c6c3
In base 10, what is -30 + -166?
-196
In base 16, what is 3e - 58ce?
-5890
In base 2, what is 1010100111 + -1001101110100?
-1000011001101
In base 12, what is 225270 - 5?
225267
In base 9, what is -87 + 48506?
48408
In base 5, what is -340222 - -14?
-340203
In base 3, what is 21011 + -101120?
-10102
In base 8, what is -121 + 655?
534
In base 15, what is 397 - d?
389
In base 4, what is 102 - 23321?
-23213
In base 13, what is -611 + -59?
-66a
In base 16, what is -d565 - 1b?
-d580
In base 16, what is -6b3e + -1?
-6b3f
In base 2, what is 0 + -1111101001111?
-1111101001111
In base 3, what is 10200021122 + -11?
10200021111
In base 9, what is 7 + 26186?
26204
In base 3, what is -10102200222 + -1001?
-10102202000
In base 13, what is 188 + -5?
183
In base 11, what is -3 + 23a11?
23a09
In base 11, what is -21245 + -2?
-21247
In base 16, what is -8b0f4 - 2?
-8b0f6
In base 2, what is -100101011 - -1101001000101?
1100100011010
In base 14, what is -d0 - 103?
-1d3
In base 9, what is -6 + -13638?
-13645
In base 9, what is 3 - 4457?
-4454
In base 10, what is -3 - 19983?
-19986
In base 14, what is -4dd + -3?
-502
In base 8, what is 30 - -61?
111
In base 9, what is 165850 - 6?
165843
In base 15, what is 4668c + 2?
4668e
In base 4, what is 33130223 - 1?
33130222
In base 8, what is 127504 + -3?
127501
In base 4, what is -10 + -310320222?
-310320232
In base 9, what is 65 - -132652?
132727
In base 5, what is -10224 - 334?
-11113
In base 10, what is -3 - -581887?
581884
In base 8, what is 5122111 + 1?
5122112
In base 13, what is 55 + -619?
-594
In base 5, what is 213203 - 34?
213114
In base 7, what is -3230 - -5220?
1660
In base 4, what is -2023100031 - -3?
-2023100022
In base 11, what is -1 + -307a?
-3080
In base 9, what is 12 + 64717?
64730
In base 2, what is -10 + 1001110110111111?
1001110110111101
In base 10, what is -3706390 - 3?
-3706393
In base 8, what is -75034 - 5?
-75041
In base 11, what is -211 - -71?
-150
In base 12, what is -13b8 + 4?
-13b4
In base 15, what is 1850 - 9?
1846
In base 13, what is -3 - -48b3?
48b0
In base 12, what is 6040 + 1?
6041
In base 2, what is -11101001101011 + 11?
-11101001101000
In base 16, what is -5 - -2b577?
2b572
In base 12, what is 1bb997 - a?
1bb989
In base 2, what is -100001110 - -110111010?
10101100
In base 4, what is 102203 - -303103?
1011312
In base 8, what is 2716 - -175?
3113
In base 11, what is -10 + 46a57?
46a47
In base 5, what is -2340 + -1004?
-3344
In base 12, what is -27503 - -5?
-274ba
In base 10, what is 15 - 145?
-130
In base 8, what is 364 - -3700?
4264
In base 10, what is 819 - 824?
-5
In base 6, what is 4 + -140?
-132
In base